 4364. Let s be u/(-7) - 24/28. Calculate the highest common divisor of 65 and s.
13
Let b be ((-5)/15)/(9/(-2916)). What is the highest common divisor of b and 24?
12
Let v(u) = 9*u**3 + 11*u**2 - 54*u - 10. Let y be v(6). What is the highest common divisor of y and 236?
118
Let p = -2571 - -3039. What is the greatest common factor of p and 288?
36
Let o(n) = -n**3 + 21*n**2 - 29*n + 255. Let z be o(20). What is the greatest common divisor of 3270 and z?
15
Suppose -a - 4*m + 2571 = 321, m + 1 = 0. What is the greatest common divisor of a and 441?
49
Suppose 27*g + 996 = 10986. Calculate the highest common factor of 2035 and g.
185
Let x be (1916 - 11) + 6 - (-1 + 4). Calculate the highest common divisor of 36 and x.
36
Let g = 7566 - 7554. Calculate the highest common divisor of 8166 and g.
6
Suppose -2*v + 330 = 30. Let l be (-9)/12 + v/8. Let j = 412 - 322. What is the greatest common divisor of l and j?
18
Suppose -4*u + 3*t - t + 514 = 0, 0 = 2*u - 3*t - 251. Let x = 135 - u. What is the greatest common divisor of x and 10?
5
Let d be ((-17202)/915)/(2/(-35)). Calculate the greatest common factor of 210 and d.
7
Let c = -5103 + 5179. What is the greatest common divisor of 2166 and c?
38
Let w(k) = -k**3 - 5*k**2 - 4*k + 3. Let p(q) = -2*q - 36. Let n be p(-16). Let m be w(n). Let f = 15 + -9. What is the greatest common factor of m and f?
3
Suppose -3*l = 4*u - 1317, 0 = -2*u - 12*l + 10*l + 658. What is the highest common divisor of u and 880?
110
Suppose -4*v - 777 = -0*z - 5*z, 4*z - 5*v = 618. Let s = -73 + z. Suppose -l + 2*l - b = 14, -l - 3*b + 6 = 0. Calculate the greatest common factor of l and s.
12
Suppose -6122*r + 6077*r = -2250. What is the greatest common divisor of r and 320?
10
Let g(i) = i**2 - 4*i - 6. Let z be g(-4). Suppose 22*j = z*j - 88. Let d = j + -8. What is the highest common divisor of d and 42?
14
Let n be (-2)/(-10) - (-9498752)/640. Calculate the greatest common factor of n and 82.
82
Suppose f - 47 = -5*p + 21, 0 = f - p - 62. Calculate the highest common divisor of f and 963.
9
Let z(j) = j**3 + 12*j**2 - 12*j + 27. Let t be z(-13). What is the greatest common divisor of 5222 and t?
14
Let u = -10310 + 10350. What is the greatest common divisor of u and 1220?
20
Let m be (-22)/(-121) - 5121/33. Let d = 182 + m. Suppose 2*j = 4*j - 5*k - 46, 5*j = k + 92. Calculate the highest common divisor of j and d.
9
Suppose -u + 1 = 1. Suppose 15*n - 20*n + 675 = u. Let m(s) = s**3 + 9*s**2 + 6*s + 11. Let g be m(-8). Calculate the greatest common factor of n and g.
27
Let b(l) = -1 + 3 - 186*l - 2 + 3. Let w be b(-1). Calculate the highest common divisor of 84 and w.
21
Suppose 0 = -6*g + 3*g - 3664 + 4258. Calculate the greatest common factor of g and 924.
66
Let r(k) = -k**3 + 19*k**2 - 72*k + 36. Let v be r(6). What is the highest common factor of 5160 and v?
24
Suppose 41*u - 20584 = 23614. Calculate the highest common divisor of 33 and u.
11
Let f be -3*((-12)/(-8))/((-36)/16). Suppose -2*x - f*x = -440. Let p = 34 + x. What is the greatest common divisor of p and 18?
18
Let h(r) = 1228*r - 1479. Let j be h(7). What is the highest common factor of j and 11?
11
Suppose 5*l = 36 + 109. Let u be ((-1740)/60)/(2/(-26)). What is the highest common factor of l and u?
29
Let z be ((-4)/(-6)*-5)/((-4)/216). Suppose -c = 4*c - z. Suppose x - 6 = w, 0 = 5*x - 2*w - 18 - 21. What is the highest common divisor of c and x?
9
Let w = 2679 + -751. What is the greatest common divisor of 16 and w?
8
Let w be (-154)/77 + (-136)/(-2). Let t be (-145)/(-1)*(w/10 - 6). Calculate the greatest common factor of t and 29.
29
Suppose 0 = 74*o - 3970 + 1010. What is the highest common divisor of o and 7240?
40
Let v be 1192/12 + (-24)/(-36). What is the highest common divisor of v and 2350?
50
Let h = -13668 + 13953. What is the greatest common factor of 690 and h?
15
Let j be 11/(-2) + (-45)/(-18). Let d(a) = -a**3 + 4*a**2 - 4*a - 1. Let s be d(j). Calculate the greatest common divisor of 37 and s.
37
Suppose n = -2*o + 2985 + 728, o + 3713 = n. What is the greatest common divisor of 47 and n?
47
Suppose 35966 + 13114 = 25*p - 17420. What is the highest common divisor of p and 175?
35
Let i(p) = 151*p + 2591. Let h be i(-17). Calculate the greatest common factor of h and 1128.
24
Let v(s) = -s**2 - 28*s - 115. Let x be v(-22). Suppose -u - 3 = -x. Let n be (-2)/(-9) + (-4152)/(-27). Calculate the greatest common factor of n and u.
14
Suppose 7076 = 81*y + 41*y. Let s = -143 + 145. What is the highest common factor of y and s?
2
Let b = -2453 - -2543. Calculate the greatest common factor of b and 3270.
30
Let x = -28 + 68. Let d = x - 39. Let o be (d*-12)/((-12)/136). What is the highest common divisor of 17 and o?
17
Suppose 4*v = -0*v + 28. Suppose -2*z - v*o + 40 = -2*o, -6 = -3*o. Let a be (9/z)/(1/5). Calculate the highest common divisor of 30 and a.
3
Let o be 470/15*9 - 3. Let n be (-12)/(-5)*((-492)/(-18) - -6). Let g = -49 + n. What is the highest common divisor of g and o?
31
Let l = 195 + -189. Let z be l/((-60)/(-4135)) - 1/(-2). What is the highest common divisor of z and 92?
46
Suppose 29*q - 12*q = 476. What is the greatest common factor of q and 896?
28
Let n(m) = -m**3 - 44*m**2 - 3*m - 16. Let x be n(-44). Calculate the greatest common factor of 2407 and x.
29
Let r(q) be the third derivative of 0*q - 1/20*q**5 + 7/3*q**3 + 5/4*q**4 + 0 - 17*q**2. Let b be r(10). Calculate the highest common factor of 28 and b.
14
Let h(c) = 50*c**2 - 6*c + 2. Let v be h(-1). What is the greatest common factor of v and 10382?
58
Suppose -58 = -27*d + 23. Suppose m + d = 0, -8 = -w + 4*m + 28. What is the highest common divisor of w and 28?
4
Let s = -16 + 55. Let x be ((-48)/(-15) - 2)/(s/650). What is the greatest common divisor of x and 270?
10
Suppose -2*o - 5*s = 16 + 11, 50 = -5*o + 5*s. Let l be (-26)/143 - 79/o. Let b(a) = 7*a - 26. Let r be b(l). What is the highest common divisor of r and 207?
23
Let p = 3344 + -3196. What is the greatest common divisor of 703 and p?
37
Suppose -5*j - 2*j + 8800 = -2*h, -h - 2513 = -2*j. Calculate the greatest common divisor of 102 and j.
34
Let b = -14 + 14. Let r(i) = i**2 - 2*i + 432. Let j be r(b). Suppose -3*f = 6*f - j. What is the greatest common divisor of 72 and f?
24
Let a(k) = k**2 - 10*k + 50. Let s be a(8). Suppose 2*t + 28 = 2*o, 2*o = -3*t + 2*t + s. What is the highest common factor of 240 and o?
16
Suppose -76724 + 31008 = 114*y - 344624. What is the highest common factor of y and 171?
57
Let a = -20 - -37. Let r = a - -5. Suppose 2*c - m - 14 = -2*c, r = 5*c + m. Calculate the highest common divisor of c and 28.
4
Suppose -p = -14*p + 5*p + 512. Calculate the highest common divisor of p and 2.
2
Let x(g) = -g**3 - 29*g**2 + 6*g + 99. Let r be x(-29). Let a be 816/200 + 6/r. Calculate the highest common factor of a and 28.
4
Suppose 16*i + 24 = 22*i. Suppose 2*t + 2 = 4*p - 4, -10 = -2*t - i*p. Calculate the greatest common divisor of t and 1.
1
Suppose 365*a - 5*t = 364*a - 24, 42 = 4*a + 3*t. What is the highest common factor of a and 750?
6
Let c = 1641 - -5667. Calculate the highest common divisor of c and 58.
58
Let b be (12/(-8))/((-19172)/(-1128) - 17). What is the greatest common factor of b and 144?
9
Suppose -80 - 246 = -5*t - 3*i, -4*i = 5*t - 328. Suppose -12*s + 14*s = t. Calculate the highest common factor of s and 8.
8
Let r(t) = -t**3 + 11*t**2 + 10*t + 27. Let q be r(12). Let p be q/4*(-72)/81*-72. Calculate the highest common factor of 6 and p.
6
Let k = -3841 + 3889. What is the greatest common divisor of k and 2136?
24
Let m = -11860 + 19629. What is the greatest common factor of 17 and m?
17
Let m(w) = -6*w - 8. Let c(q) = 1. Let x(j) = -6*c(j) - m(j). Let i be x(13). Let o = 207 + -187. Calculate the highest common factor of o and i.
20
Let m(p) = -2033*p + 2351. Let u be m(-4). What is the highest common divisor of u and 22?
11
Let n be (8/((-16)/(-3)))/((-5)/(-13700)). What is the greatest common factor of 20 and n?
10
Let h(u) = -24*u - 147. Let l(k) = 1. Let v(d) = -h(d) - 18*l(d). Let p be v(9). What is the highest common divisor of p and 15?
15
Let m = -1602 + 1658. What is the highest common factor of m and 6916?
28
Let u(d) = -3*d**3 + 41*d*